ulate v(-10).
24
Let o(q) = q**3 - 14*q**2 - 26*q + 599. Determine o(12).
-1
Let m(x) = x**2 - 117*x + 762. Give m(7).
-8
Let g(z) = -z**3 + 55*z**2 - 249*z - 76. Calculate g(50).
-26
Let c(v) = -2*v**3 + 30*v**2 + 66*v + 21. What is c(17)?
-13
Let c(k) = 71*k + 4. Give c(0).
4
Let q(d) = -d**3 - 77*d**2 + 159*d + 152. Calculate q(-79).
73
Let k(r) = 172*r - 13418. Determine k(78).
-2
Let p(u) = u**2 - 152*u + 5232. What is p(53)?
-15
Let f(t) = t**3 + 52*t**2 - 32*t - 1671. What is f(-52)?
-7
Let f(r) = r**3 + 24*r**2 - 14*r + 261. Calculate f(-25).
-14
Let q(u) = 2*u**2 + 43*u - 255. Give q(-29).
180
Let t(i) = 2*i**2 - 49*i + 275. Determine t(12).
-25
Let s(l) = -14*l + 93. Calculate s(9).
-33
Let p(b) = 249*b + 1992. Calculate p(-8).
0
Let r(s) = -s**2 + 53*s - 653. Determine r(19).
-7
Let b(j) = -j**3 - 3*j**2 - 162*j - 660. What is b(-4)?
4
Let h(n) = 200*n - 207. What is h(1)?
-7
Let c(n) = 5*n**2 - 39*n + 133. Determine c(4).
57
Let z(m) = 2*m**2 - 35*m + 137. What is z(8)?
-15
Let n(v) = -v**3 + v**2 + v - 275. Calculate n(0).
-275
Let d(q) = -33*q - 1456. What is d(-54)?
326
Let o(u) = -186*u + 362. Give o(2).
-10
Let r(s) = 5*s**2 + 8*s + 33. Calculate r(-4).
81
Let s(t) = 2*t**2 + 13*t - 259. Determine s(10).
71
Let g(h) = -12*h - 1168. Give g(-93).
-52
Let s(y) = y**3 + 23*y**2 - 138*y + 76. What is s(-28)?
20
Let c(h) = -h**2 + 174*h - 4196. Give c(29).
9
Let j(n) = 20*n**3 - 2599*n**2 - 132*n + 268. Calculate j(130).
8
Let b(i) = -9*i**2 - 2*i + 1. Determine b(2).
-39
Let j(s) = -154*s - 10266. Determine j(-66).
-102
Let h(g) = -963*g + 9630. Determine h(10).
0
Let w(r) = -r**3 + 114*r**2 + 348*r + 352. Determine w(117).
1
Let m(z) = -8*z**2 + 489*z - 1458. Determine m(58).
-8
Let g(f) = -3*f**2 - 469*f + 9225. What is g(-174)?
3
Let d(i) = 270*i + 4591. What is d(-17)?
1
Let r(l) = l**2 + 94*l + 1623. What is r(-22)?
39
Let r(o) = 12*o - 21. Give r(19).
207
Let j(v) = -2*v**3 - 123*v**2 - 64*v - 195. What is j(-61)?
-12
Let x(w) = -w**3 + 19*w**2 + 9*w - 728. What is x(17)?
3
Let i(k) = 75*k + 1873. What is i(-24)?
73
Let b(g) = -26*g - 115. What is b(-5)?
15
Let f(x) = -x**2 + 26*x - 50. Determine f(24).
-2
Let d(a) = -a**3 - 22*a**2 - 100*a + 4. Calculate d(-14).
-164
Let r(k) = 2*k**2 - 2*k - 605. Calculate r(0).
-605
Let k(n) = -69*n + 306. Give k(8).
-246
Let u(j) = 2*j - 165. Determine u(-14).
-193
Let r(b) = 3*b**3 + 51*b**2 + 46*b - 69. Determine r(-16).
-37
Let p(u) = 3*u**2 - 287*u - 2599. Give p(104).
1
Let b(y) = 25*y + 74. Give b(0).
74
Let v(i) = -i**3 - 12*i**2 + i + 45. Give v(-2).
3
Let u(w) = 1144*w + 3397. Calculate u(-3).
-35
Let z(x) = -3*x**3 + 269*x**2 + 107*x - 1556. Determine z(90).
-26
Let j(u) = 658*u + 7900. Determine j(-12).
4
Let i(r) = -89*r - 5. Give i(-1).
84
Let f(p) = -29*p**2 - 307*p - 10. Give f(-11).
-142
Let c(s) = 24*s**3 - 2*s**2 + 9*s + 20. Determine c(-2).
-198
Let t(o) = 2*o**3 - 9*o**2 + 24*o - 140. What is t(5)?
5
Let m(s) = s - 505. Calculate m(57).
-448
Let b(n) = 165*n - 1425. Calculate b(8).
-105
Let x(k) = -5*k**2 + 32*k - 32. What is x(8)?
-96
Let t(m) = 370*m - 5. Give t(-1).
-375
Let w(l) = 2*l**3 + 18*l**2 + 3*l - 83. Calculate w(-9).
-110
Let n(w) = 3*w**3 - 5*w**2 + 12*w - 39. Calculate n(4).
121
Let y(p) = 40*p - 501. What is y(10)?
-101
Let l(x) = -1471*x - 10304. Give l(-7).
-7
Let t(o) = -o**2 + 61*o - 760. Give t(44).
-12
Let z(r) = 3*r**2 + 124*r + 1266. Give z(-22).
-10
Let v(p) = -4*p**2 + 3*p + 1. Give v(-6).
-161
Let z(n) = -877*n + 170136. Calculate z(194).
-2
Let c(u) = -8*u**2 - 40*u - 3. What is c(-5)?
-3
Let i(g) = g**2 + 110*g - 109. Determine i(1).
2
Let y(g) = -417*g + 3340. What is y(8)?
4
Let v(u) = u**3 - 18*u**2 - 16*u + 909. What is v(15)?
-6
Let n(o) = -58*o**2 + 55*o. What is n(1)?
-3
Let i(h) = h**2 - 6*h - 42. Calculate i(10).
-2
Let d(z) = -z**2 - 13*z + 136. What is d(20)?
-524
Let h(c) = 2*c**3 + 52*c**2 + 177*c + 38. Determine h(-22).
16
Let z(l) = -2*l**2 + 56*l + 661. Give z(37).
-5
Let y(s) = 21*s + 135. Determine y(-19).
-264
Let v(y) = -2*y**2 + 3*y - 41. Calculate v(0).
-41
Let x(l) = -l**3 + 8*l**2 + 12*l + 28. What is x(10)?
-52
Let i(x) = -x**3 - 18*x**2 + 101*x + 522. Give i(7).
4
Let d(p) = -p**3 + 3*p**2 + 11*p - 23. Calculate d(2).
3
Let t(u) = 18*u**2 - 1002*u + 629. Determine t(55).
-31
Let a(d) = -244*d + 40. Determine a(1).
-204
Let i(t) = 27*t - 2782. What is i(88)?
-406
Let t(m) = m**3 - 20*m**2 + 235*m - 6073. Calculate t(22).
65
Let z(v) = -2*v**2 + 300*v - 302. Determine z(149).
-4
Let o(i) = i**2 + 8*i - 217. Calculate o(0).
-217
Let h(y) = -5290*y - 31714. Calculate h(-6).
26
Let z(v) = -14*v**3 + 3*v**2 + 9*v + 5. What is z(-3)?
383
Let o(g) = 70*g - 3802. Give o(55).
48
Let j(o) = -88*o - 693. Determine j(-8).
11
Let j(d) = -694*d + 15261. Calculate j(22).
-7
Let n(m) = 14*m**3 + 4*m - 12. What is n(2)?
108
Let k(u) = -41*u - 118. Calculate k(-16).
538
Let p(m) = -7*m**2 + m + 132. What is p(-5)?
-48
Let i(m) = 8*m - 104. Determine i(7).
-48
Let q(y) = 2*y**2 - 247*y - 1663. Calculate q(129).
-244
Let o(c) = c**3 - 10*c**2 - 18*c + 63. Give o(11).
-14
Let q(l) = l**3 - 19*l**2 - 7*l - 45. Give q(20).
215
Let q(i) = i**3 - 8*i**2 - 66*i + 472. Give q(6).
4
Let g(z) = -z**2 - 50*z. Give g(-51).
-51
Let y(n) = -n**3 + 55*n + 4. Give y(0).
4
Let s(k) = -k**2 + 16*k - 69. Determine s(9).
-6
Let k(d) = -d**2 + 250*d - 1215. Calculate k(5).
10
Let x(z) = -z**2 - 17*z + 21. Determine x(-14).
63
Let i(t) = 9*t**2 + 852*t - 299. What is i(-95)?
-14
Let m(q) = -14*q - 42. What is m(-3)?
0
Let s(h) = 2*h**3 + 4*h**2 + 7*h + 1. Calculate s(-2).
-13
Let q(p) = -p**2 - 17*p + 191. What is q(-20)?
131
Let v(k) = -2*k + 23. Calculate v(54).
-85
Let q(z) = 99*z + 1788. Calculate q(-18).
6
Let y(x) = 2*x**2 + 4387*x - 26397. Give y(6).
-3
Let z(m) = 51*m - 951. Give z(5).
-696
Let k(a) = -a**2 + 5*a + 27. Determine k(10).
-23
Let x(d) = -d**2 + 270*d - 1329. Give x(5).
-4
Let s(v) = v**2 + 19*v + 112. Calculate s(-7).
28
Let f(x) = 47*x**2 + 20769*x - 2216. Calculate f(-442).
-6
Let c(a) = -18*a + 95. Give c(7).
-31
Let m(k) = k**3 + 132*k**2 - 141*k - 1058. Calculate m(-133).
6
Let k(i) = -14*i + 784. Give k(11).
630
Let l(h) = 2*h**3 + 109*h**2 - 66*h - 604. Give l(-55).
1
Let m(r) = -r**3 + 36*r**2 - 154*r - 22. Determine m(31).
9
Let m(f) = 28861*f - 86591. Determine m(3).
-8
Let x(c) = 13*c**2 + 177*c + 111. What is x(-13)?
7
Let a(v) = 4954*v + 39646. Give a(-8).
14
Let b(t) = t**3 - t**2 - 20*t + 10. Give b(0).
10
Let a(m) = 401*m**3 - 2*m - 1. What is a(-1)?
-400
Let q(h) = 196*h - 239. Give q(8).
1329
Let i(k) = -20*k - 763. Give i(-39).
17
Let k(y) = -y**3 - 9*y**2 - 55*y - 239. Give k(-5).
-64
Let j(h) = -h**3 + 2*h**2 + 27*h - 64. Calculate j(5).
-4
Let a(k) = -13*k**3 - 23*k**2 + 13*k + 10. Give a(-2).
-4
Let y(z) = 4*z**3 + z**2 - 3*z + 12. What is y(3)?
120
Let h(o) = o**3 - 46*o**2 + 270*o + 14. Give h(7).
-7
Let s(i) = 113*i + 3044. Determine s(-27).
-7
Let k(j) = j**3 - 366*j**2 + 9164*j - 3734. Calculate k(339).
-5
Let c(j) = -197*j + 8477. Determine c(43).
6
Let t(r) = -2*r**3 - 3*r**2 - 3*r - 7. Calculate t(0).
-7
Let g(l) = 3*l**3 + 13*l**2 - 16*l - 73. Calculate g(-5).
-43
Let w(j) = j**3 + 5*j**2 + j - 18. Determine w(-4).
-6
Let s(x) = -x**3 - 49*x**2 - 39*x + 291. Determine s(-48).
-141
Let b(a) = 157*a + 2361. Determine b(-15).
6
Let f(r) = -r**3 - 7*r**2 - 4*r + 1. Determine f(-9).
199
Let b(n) = 211*n + 7195. Determine b(-34).
21
Let s(n) = -63*n - 692. Calculate s(-8).
-188
Let n(s) = -3*s**3 + 51*s**2 - 15*s + 6. Calculate n(17).
-249
Let o(c) = -577*c - 90. What is o(2)?
-1244
Let k(b) = b**2 - 51*b + 52. Give k(50).
2
Let r(k) = 2*k**2 + 23*k + 92. Give r(-9).
47
Let s(k) = 2*k**2 - 86*k + 832. Give s(14).
20
Let o(f) = -7*f**3 + 116*f**2 - 62*f + 3. Determine o(16).
35
Let u(x) = -40*x + 450. Calculate u(-3).
570
Let p(f) = 25*f**2 - 60*f + 272. Determine p(5).
597
Let v(j) = -14*j - 324. Determine v(0).
-324
Let s(n) = -n**2 - 17*n + 186. Calculate s(7).
18
Let n(j) = 18*j + 867. Give n(-66).
-321
Let w(o) = -46*o - 2980. Determine w(-65).
10
Let f(w) = 3*w**2 + 168*w + 1263. Calculate f(-9).
-6
Let k(v) = 106*v - 428. Calculate k(4).
-4
Let k(a) = 26*a - 106. Give k(15).
284
Let c(u) = 2*u**3 +